s -1024131 - 0?
-1024131
In base 8, what is 61 + 1657?
1740
In base 12, what is -172a - -56?
-1694
In base 14, what is 3c7040 - 0?
3c7040
In base 9, what is 33238 - -242?
33481
In base 4, what is -23322222323 + -1?
-23322222330
In base 14, what is -16dcb - -1?
-16dca
In base 2, what is 10110 + -11001110110110?
-11001110100000
In base 14, what is 34 - -6843?
6877
In base 9, what is -114 - -14501?
14376
In base 9, what is 10 - -12047?
12057
In base 2, what is -100111111001001 + -10?
-100111111001011
In base 9, what is 2 - -1580214?
1580216
In base 11, what is -306 + -282?
-588
In base 4, what is 30111322 + 210?
30112132
In base 15, what is 5 - 4b91?
-4b8b
In base 10, what is 16792 + 0?
16792
In base 5, what is -3 - -142423?
142420
In base 12, what is -b - 2476?
-2485
In base 16, what is -1 + 57706?
57705
In base 10, what is 72839 - 57?
72782
In base 5, what is -3134124 - 1?
-3134130
In base 4, what is -1000223322 + -3?
-1000223331
In base 7, what is -1500350 - -3?
-1500344
In base 8, what is 136 - -33545?
33703
In base 13, what is 2178 + -18b?
1cba
In base 2, what is -10001100001 + -100010?
-10010000011
In base 12, what is -1 + -7a379?
-7a37a
In base 14, what is -b - -2ab?
2a0
In base 12, what is -45 + 2001?
1b78
In base 5, what is -333403134 - -4?
-333403130
In base 10, what is -2 - -128950?
128948
In base 16, what is -fa5 - -e?
-f97
In base 2, what is 1101 + -1100010010011?
-1100010000110
In base 12, what is ab424 + 0?
ab424
In base 14, what is -19 - 2b4?
-2cd
In base 6, what is 511 + 4044?
4555
In base 9, what is -7510 + -6?
-7516
In base 2, what is 110110110111001110 - 100?
110110110111001010
In base 4, what is -1022 + -3112103?
-3113131
In base 13, what is 13367 - -1?
13368
In base 14, what is -d0 - -c7?
-7
In base 16, what is -2 + 2e514?
2e512
In base 3, what is 110 + -10120121?
-10120011
In base 12, what is 2ab995 + 2?
2ab997
In base 2, what is 10 - -101111110011000?
101111110011010
In base 16, what is -272 + 20?
-252
In base 16, what is -10 - -89ec?
89dc
In base 2, what is 1111000010100 + 11?
1111000010111
In base 9, what is 28 + 3183?
3222
In base 8, what is 3 - 6123?
-6120
In base 7, what is 1063641 - 5?
1063633
In base 3, what is 100 - -1002210?
1010010
In base 13, what is 18997 - 2?
18995
In base 6, what is 300 - -5?
305
In base 7, what is -2322 + 4354?
2032
In base 5, what is 1413030133 + -10?
1413030123
In base 4, what is -2 - -1212323230?
1212323222
In base 2, what is 10010010100010111 + -100?
10010010100010011
In base 16, what is -14c5d + 1?
-14c5c
In base 13, what is 3176 + 2?
3178
In base 4, what is 130311 + 31132?
222103
In base 8, what is 650 + -1243?
-373
In base 7, what is -1131006 - 24?
-1131033
In base 6, what is 1 + 23505515?
23505520
In base 15, what is -28ab + 47?
-2864
In base 3, what is 2212002 - -1102002?
11021011
In base 11, what is 2 - -15a081?
15a083
In base 15, what is -82 + 164?
d2
In base 8, what is 453525 - 3?
453522
In base 3, what is -21011 + 1212021?
1121010
In base 8, what is 434 + 1307?
1743
In base 5, what is -10 - -1241231?
1241221
In base 9, what is -5 - -8334?
8328
In base 12, what is 5 - -6a558?
6a561
In base 14, what is 27 + -250?
-227
In base 3, what is -1022121020 - 1201?
-1022122221
In base 9, what is -2636377 + 5?
-2636372
In base 13, what is -710 - -296?
-447
In base 4, what is 211133000 + -12?
211132322
In base 14, what is -d4 - 2c8a?
-2d80
In base 2, what is 1101011000111011 - -100?
1101011000111111
In base 3, what is 1202220222201 + -10?
1202220222121
In base 11, what is 1 - 42541?
-42540
In base 16, what is 5 + 20403?
20408
In base 16, what is 122 + -93?
8f
In base 16, what is 3d85 - -2?
3d87
In base 3, what is 122 - -2102221122?
2102222021
In base 13, what is 2 - 25b94?
-25b92
In base 6, what is 2213 + -3510?
-1253
In base 7, what is 2602432 - -10?
2602442
In base 5, what is 2 + 14404144?
14404201
In base 8, what is -545 + 2422?
1655
In base 16, what is -a59 + 4?
-a55
In base 14, what is 2 - 24875d?
-24875b
In base 16, what is 2 + 1cc1?
1cc3
In base 8, what is 1255673 + -5?
1255666
In base 13, what is 14cc4b - -14?
14cc62
In base 6, what is 2524024 + 4?
2524032
In base 9, what is 1181 + -447?
633
In base 11, what is a + 20648?
20657
In base 10, what is -3685 + 55?
-3630
In base 11, what is 2 + -61833?
-61831
In base 2, what is -10001110110101 - 10?
-10001110110111
In base 8, what is 3440 + 42?
3502
In base 11, what is -32 - -a1906?
a1884
In base 2, what is 1 + 100111010001001100?
100111010001001101
In base 5, what is -20 + -141113?
-141133
In base 4, what is -1133012 - -202?
-1132210
In base 7, what is 30 + 464213?
464243
In base 4, what is 1011 + 1120231?
1121302
In base 9, what is 0 + -18334?
-18334
In base 8, what is 2 + -1125365?
-1125363
In base 15, what is 1152 + -13?
113e
In base 11, what is -167289 + 19?
-167270
In base 10, what is -26 - 4071?
-4097
In base 6, what is 124014 + -54?
123520
In base 10, what is -215 - 801?
-1016
In base 14, what is -1179 + -20?
-1199
In base 8, what is 123 - 206?
-63
In base 15, what is 9723e - d?
97231
In base 11, what is 859a85 + -3?
859a82
In base 4, what is -3 + -1130220022?
-1130220031
In base 13, what is -455 + -440?
-895
In base 16, what is 2aee + f?
2afd
In base 13, what is -1706c5 - -1?
-1706c4
In base 3, what is 221 + -10000002112?
-10000001121
In base 9, what is -3 + 13656?
13653
In base 15, what is -3689 - 33?
-36bc
In base 13, what is 1481 + -154?
132a
In base 2, what is -1101001100 - -10001001?
-1011000011
In base 7, what is -211 - -655?
444
In base 5, what is -410 - 1?
-411
In base 11, what is -824 - 7?
-830
In base 2, what is -1001 + -110000000101111?
-110000000111000
In base 8, what is -102561 - 4?
-102565
In base 15, what is -2605b - 2?
-2605d
In base 16, what is 1 - -2549?
254a
In base 7, what is 2642 - 21?
2621
In base 10, what is -4274 + -29?
-4303
In base 13, what is 5 - -201b4?
201b9
In base 9, what is -266 - 454?
-731
In base 9, what is 614 - -117?
732
In base 14, what is 4628 + -61?
45a7
In base 8, what is 5 + -2735?
-2730
In base 9, what is -142 + -383?
-535
In base 13, what is 10a3 - 4?
109c
In base 7, what is 1 - -254664?
254665
In base 2, what is -1100001101110 - 100010?
-1100010010000
In base 12, what is -117 - -1b00?
19a5
In base 16, what is -15 - -6fc?
6e7
In base 7, what is -5 - -12025350?
12025342
In base 10, what is -1442 - 179?
-1621
In base 5, what is 12 + 3212110?
3212122
In base 3, what is 2010220 + 20121?
2101111
In base 13, what is -4 - -3a25?
3a21
In base 5, what is -1002411 + -31?
-1002442
In base 14, what is 6ca2 + 10?
6cb2
In base 4, what is -10032310 - 320?
-10033230
In base 14, what is 2 - -819a?
819c
In base 7, what is 103 + -6461?
-6355
In base 9, what is 5 - 160564?
-160558
In base 12, what is -477391 + -3?
-477394
In base 7, what is -100112 + 5?
-100104
In base 2, what is -11011 + -110010010110?
-110010110001
In base 9, what is -238730 + 11?
-238718
In base 3, what is -11112 - -1022?
-10020
In base 13, what is -16 - -2272?
2259
In base 16, what is c48 - 97?
bb1
In base 16, what is 4a0 + -b?
495
In base 16, what is 48f8 + 3?
48fb
In base 16, what is -3 - 297ba?
-297bd
In base 2, what is 100001 + 10000011111?
10001000000
In base 10, what is -197889 - -1?
-197888
In base 9, what is 12 + -18520?
-18507
In base 13, what is 3a + -11786?
-11749
In base 13, what is -291920 - 2?
-291922
In base 12, what is 2 - a3081?
-a307b
In base 9, what is -2 - -633420?
633417
In base 10, what is 1 + 165093?
165094
In base 14, what is 266970 + -1?
26696d
In base 11, what is -23123 - 0?
-23123
In base 5, what is 144044 - -13?
144112
In base 16, what is 242 + 2d6?
518
In base 4, what is 21221223 - -3?
21221232
In base 10, what is -600220 + 1?
-600219
In base 5, what is -2 - -23220132?
23220130
In base 12, what is 1b6 + -9?
1a9
In base 14, what is 1 - 1d1a8?
-1d1a7
In base 6, what is 33515521 + -2?
33515515
In base 11, what is 1001 + 40?
1041
In base 7, what is -1 - -5445504?
5445503
In base 6, what is -302311 - -3?
-302304
In base 15, what is -122c8 + -7?
-122d0
In base 14, what is -78b + 2b2?
-4b9
In base 2, what is -10110110 - -1101000?
-1001110
In base 5, what is 3 + 1012024?
1012032
In base 16, what is e28 + -11?
e17
In base 2, what is 10101101111 - 10100010100?
1011011
In base 7, what is -3343 - 6654?
-13330
In bas